{"id":138,"date":"2018-04-14T19:19:07","date_gmt":"2018-04-14T17:19:07","guid":{"rendered":"http:\/\/www.physioteam-sendling.de\/wp-physioteam\/?page_id=138"},"modified":"2018-04-14T19:19:07","modified_gmt":"2018-04-14T17:19:07","slug":"krankengymnastik","status":"publish","type":"page","link":"https:\/\/www.physioteam-sendling.de\/?page_id=138","title":{"rendered":"Krankengymnastik"},"content":{"rendered":"<p id=\"kg\" class=\"ui-accordion-header ui-helper-reset ui-state-active ui-corner-top ui-state-hover ui-state-focus\" tabindex=\"0\" role=\"tab\" aria-expanded=\"true\" aria-selected=\"true\">Die Krankengymnastik orientiert sich an den Beschwerden und Aktivit\u00e4ts- einschr\u00e4nkungen des Patienten. Nach ausf\u00fchrlicher Befundaufnahme folgt die an die anatomischen und physiologischen Gegebenheiten des Patienten angepasste Behandlung. Der Therapeut nutzt hierf\u00fcr \u00fcberwiegend manuelle Fertigkeiten, erg\u00e4nzt durch physikalische Reize, wie K\u00e4lte oder W\u00e4rme. Zusammen mit dem Patienten wird ein \u00dcbungsprogramm f\u00fcr zu Hause erarbeiten, damit der Patient durch regelm\u00e4\u00dfiges \u00dcben \u00fcber die Therapie hinaus den Therapieerfolg erhalten kann.<\/p>\n<div class=\"ui-accordion-content ui-helper-reset ui-widget-content ui-corner-bottom ui-accordion-content-active\" role=\"tabpanel\">\n<p>Ziel der Krankengymnastik ist es, die Gesundheit wiederherzustellen und zu f\u00f6rdern. Der Patient lernt einen eigenverantwortlichen Umgang mit seinem K\u00f6rper.<\/p>\n<\/div>\n","protected":false},"excerpt":{"rendered":"<p>Die Krankengymnastik orientiert sich an den Beschwerden und Aktivit\u00e4ts- einschr\u00e4nkungen des Patienten. Nach ausf\u00fchrlicher Befundaufnahme folgt die an die anatomischen und physiologischen Gegebenheiten des Patienten angepasste Behandlung. Der Therapeut nutzt hierf\u00fcr \u00fcberwiegend manuelle Fertigkeiten, erg\u00e4nzt durch physikalische Reize, wie K\u00e4lte oder W\u00e4rme. Zusammen mit dem Patienten wird ein \u00dcbungsprogramm f\u00fcr zu Hause erarbeiten, damit der &hellip; <\/p>\n<p class=\"link-more\"><a href=\"https:\/\/www.physioteam-sendling.de\/?page_id=138\" class=\"more-link\"><span class=\"screen-reader-text\">\u201eKrankengymnastik\u201c <\/span>weiterlesen<\/a><\/p>\n","protected":false},"author":1,"featured_media":0,"parent":0,"menu_order":0,"comment_status":"closed","ping_status":"closed","template":"","meta":{"ngg_post_thumbnail":0,"footnotes":""},"class_list":["post-138","page","type-page","status-publish","hentry"],"_links":{"self":[{"href":"https:\/\/www.physioteam-sendling.de\/index.php?rest_route=\/wp\/v2\/pages\/138","targetHints":{"allow":["GET"]}}],"collection":[{"href":"https:\/\/www.physioteam-sendling.de\/index.php?rest_route=\/wp\/v2\/pages"}],"about":[{"href":"https:\/\/www.physioteam-sendling.de\/index.php?rest_route=\/wp\/v2\/types\/page"}],"author":[{"embeddable":true,"href":"https:\/\/www.physioteam-sendling.de\/index.php?rest_route=\/wp\/v2\/users\/1"}],"replies":[{"embeddable":true,"href":"https:\/\/www.physioteam-sendling.de\/index.php?rest_route=%2Fwp%2Fv2%2Fcomments&post=138"}],"version-history":[{"count":1,"href":"https:\/\/www.physioteam-sendling.de\/index.php?rest_route=\/wp\/v2\/pages\/138\/revisions"}],"predecessor-version":[{"id":139,"href":"https:\/\/www.physioteam-sendling.de\/index.php?rest_route=\/wp\/v2\/pages\/138\/revisions\/139"}],"wp:attachment":[{"href":"https:\/\/www.physioteam-sendling.de\/index.php?rest_route=%2Fwp%2Fv2%2Fmedia&parent=138"}],"curies":[{"name":"wp","href":"https:\/\/api.w.org\/{rel}","templated":true}]}}